{"id":202,"date":"2025-08-05T16:05:03","date_gmt":"2025-08-05T16:05:03","guid":{"rendered":"https:\/\/amdp-paysage.fr\/index.php\/about\/"},"modified":"2025-08-08T10:14:37","modified_gmt":"2025-08-08T10:14:37","slug":"about","status":"publish","type":"page","link":"https:\/\/amdp-paysage.fr\/index.php\/about\/","title":{"rendered":"Notre univers"},"content":{"rendered":"\t\t<div data-elementor-type=\"wp-page\" data-elementor-id=\"202\" class=\"elementor elementor-202\">\n\t\t\t\t<div class=\"elementor-element elementor-element-5021f0af e-flex e-con-boxed elementor-invisible e-con e-parent\" data-id=\"5021f0af\" data-element_type=\"container\" data-settings=\"{&quot;animation&quot;:&quot;fadeIn&quot;}\">\n\t\t\t\t\t<div class=\"e-con-inner\">\n\t\t\t\t<div class=\"elementor-element elementor-element-5f5ddba7 elementor-widget elementor-widget-flex-hero\" data-id=\"5f5ddba7\" data-element_type=\"widget\" data-settings=\"{&quot;layout_preset&quot;:&quot;storytelling&quot;,&quot;primary_button_shape&quot;:&quot;default&quot;,&quot;image_shape&quot;:&quot;sharp&quot;,&quot;box_shape&quot;:&quot;sharp&quot;}\" data-widget_type=\"flex-hero.default\">\n\t\t\t\t<div class=\"elementor-widget-container\">\n\t\t\t\t\t\t\t<div class=\"has-shape-sharp shape-type-box ehp-flex-hero has-layout-preset-storytelling\">\n\t\t\t\t\t\t<div class=\"ehp-flex-hero__overlay\"><\/div>\n\t\t\t<div class=\"ehp-flex-hero__content-container\">\n\t\t\t\t<p class=\"ehp-flex-hero__intro\">Mathis &amp; Arnaud<\/p><h2 class=\"ehp-flex-hero__heading\">Notre UNivers<\/h2><h3 class=\"ehp-flex-hero__subheading\">AMDP - Paysage<\/h3>\t\t\t<div class=\"ehp-flex-hero__ctas-container\">\n\t\t\t\t\t\t\t\t\t\t\t<\/div>\n\t\t\t\t\t<\/div>\n\t\t\t\t<div class=\"ehp-flex-hero__image-wrapper\">\n\t\t\t\t<\/div>\n\t\t\t\t<\/div>\n\t\t\t\t\t\t<\/div>\n\t\t\t\t<\/div>\n\t\t\t\t\t<\/div>\n\t\t\t\t<\/div>\n\t\t<div class=\"elementor-element elementor-element-48404bf animated-fast e-flex e-con-boxed elementor-invisible e-con e-parent\" data-id=\"48404bf\" data-element_type=\"container\" data-settings=\"{&quot;animation&quot;:&quot;fadeIn&quot;}\">\n\t\t\t\t\t<div class=\"e-con-inner\">\n\t\t<div class=\"elementor-element elementor-element-13dd536c e-con-full e-flex e-con e-child\" data-id=\"13dd536c\" data-element_type=\"container\">\n\t\t\t\t<div class=\"elementor-element elementor-element-e00800d elementor-widget-divider--view-line elementor-widget elementor-widget-divider\" data-id=\"e00800d\" data-element_type=\"widget\" data-widget_type=\"divider.default\">\n\t\t\t\t\t\t\t<div class=\"elementor-divider\">\n\t\t\t<span class=\"elementor-divider-separator\">\n\t\t\t\t\t\t<\/span>\n\t\t<\/div>\n\t\t\t\t\t\t<\/div>\n\t\t\t\t<div class=\"elementor-element elementor-element-1eced7 elementor-widget-mobile__width-inherit elementor-widget elementor-widget-text-editor\" data-id=\"1eced7\" data-element_type=\"widget\" data-widget_type=\"text-editor.default\">\n\t\t\t\t\t\t\t\t\t<p>Nous sommes deux jeunes associ\u00e9s anim\u00e9s par la m\u00eame passion : sublimer le paysage, concevoir des am\u00e9nagements ext\u00e9rieurs sur mesure et donner vie \u00e0 des projets uniques.<\/p><p><br data-start=\"471\" data-end=\"474\" \/>De cette vision commune est n\u00e9e\u00a0<strong data-start=\"506\" data-end=\"514\">AMDP<\/strong>, avec un objectif simple : transformer chaque espace ext\u00e9rieur en un lieu vivant, harmonieux et inspirant.<\/p><p data-start=\"624\" data-end=\"679\">Notre savoir-faire s\u2019articule autour de trois p\u00f4les :<\/p><ul data-start=\"680\" data-end=\"1101\"><li data-start=\"680\" data-end=\"797\"><strong data-start=\"682\" data-end=\"708\">La cr\u00e9ation de jardins<\/strong>\u00a0: allier esth\u00e9tique et fonctionnalit\u00e9 pour composer des lieux uniques et accueillants.<\/li><li data-start=\"798\" data-end=\"932\"><strong data-start=\"800\" data-end=\"844\">La conception de piscines personnalis\u00e9es<\/strong>\u00a0: imaginer et r\u00e9aliser des bassins qui s\u2019int\u00e8grent parfaitement \u00e0 leur environnement.<\/li><li data-start=\"933\" data-end=\"1101\"><strong data-start=\"935\" data-end=\"967\">La r\u00e9alisation de visuels 3D<\/strong>\u00a0: offrir \u00e0 nos clients la possibilit\u00e9 de se projeter dans leur futur am\u00e9nagement et d\u2019affiner chaque d\u00e9tail avant sa mise en \u0153uvre.<\/li><\/ul><div>\u00a0<\/div><p data-start=\"1103\" data-end=\"1350\">Chaque projet est pens\u00e9 comme une pi\u00e8ce unique, n\u00e9e d\u2019un \u00e9change avec nos clients, o\u00f9 cr\u00e9ativit\u00e9 et exigence technique se rencontrent. Nous mettons un point d\u2019honneur \u00e0 soigner chaque \u00e9tape, de la premi\u00e8re esquisse jusqu\u2019aux finitions.<\/p><p data-start=\"1352\" data-end=\"1674\">Parce qu\u2019un am\u00e9nagement ext\u00e9rieur m\u00e9rite de rester beau dans le temps, nous assurons \u00e9galement\u00a0<strong data-start=\"1447\" data-end=\"1483\">l\u2019entretien r\u00e9gulier des jardins<\/strong>, avec le m\u00eame soin et la m\u00eame attention qu\u2019au premier jour. Nous veillons \u00e0 allier esth\u00e9tique, propret\u00e9 et respect de l\u2019environnement, laissant toujours derri\u00e8re nous un espace soign\u00e9.<\/p><p data-start=\"1676\" data-end=\"1827\"><strong data-start=\"1676\" data-end=\"1684\">AMDP<\/strong>, c\u2019est la rencontre d\u2019une passion, d\u2019un savoir-faire compl\u00e9mentaire et d\u2019un engagement total envers ceux qui nous confient leurs ext\u00e9rieurs.<\/p>\t\t\t\t\t\t\t\t<\/div>\n\t\t\t\t<\/div>\n\t\t<div class=\"elementor-element elementor-element-10af4145 e-con-full e-flex e-con e-child\" data-id=\"10af4145\" data-element_type=\"container\">\n\t\t\t\t<div class=\"elementor-element elementor-element-2d670a18 elementor-widget__width-initial elementor-widget-mobile__width-inherit elementor-hidden-mobile elementor-widget elementor-widget-image\" data-id=\"2d670a18\" data-element_type=\"widget\" data-widget_type=\"image.default\">\n\t\t\t\t\t\t\t\t\t\t\t\t\t\t\t<img fetchpriority=\"high\" decoding=\"async\" width=\"800\" height=\"552\" src=\"https:\/\/amdp-paysage.fr\/wp-content\/uploads\/2025\/08\/IMG_4394-4-1024x706.jpg\" class=\"attachment-large size-large wp-image-289\" alt=\"\" srcset=\"https:\/\/amdp-paysage.fr\/wp-content\/uploads\/2025\/08\/IMG_4394-4-1024x706.jpg 1024w, https:\/\/amdp-paysage.fr\/wp-content\/uploads\/2025\/08\/IMG_4394-4-300x207.jpg 300w, https:\/\/amdp-paysage.fr\/wp-content\/uploads\/2025\/08\/IMG_4394-4-768x529.jpg 768w, https:\/\/amdp-paysage.fr\/wp-content\/uploads\/2025\/08\/IMG_4394-4-1536x1058.jpg 1536w, https:\/\/amdp-paysage.fr\/wp-content\/uploads\/2025\/08\/IMG_4394-4-2048x1411.jpg 2048w\" sizes=\"(max-width: 800px) 100vw, 800px\" \/>\t\t\t\t\t\t\t\t\t\t\t\t\t\t\t<\/div>\n\t\t\t\t<div class=\"elementor-element elementor-element-16ad31ac elementor-widget__width-initial elementor-widget-mobile__width-inherit elementor-widget elementor-widget-image\" data-id=\"16ad31ac\" data-element_type=\"widget\" data-widget_type=\"image.default\">\n\t\t\t\t\t\t\t\t\t\t\t\t\t\t\t<img decoding=\"async\" src=\"https:\/\/amdp-paysage.fr\/wp-content\/uploads\/2025\/08\/crafting.webp\" title=\"\" alt=\"\" loading=\"lazy\" \/>\t\t\t\t\t\t\t\t\t\t\t\t\t\t\t<\/div>\n\t\t\t\t<\/div>\n\t\t\t\t\t<\/div>\n\t\t\t\t<\/div>\n\t\t\t\t<\/div>\n\t\t","protected":false},"excerpt":{"rendered":"<p>Mathis &amp; Arnaud Notre UNivers AMDP &#8211; Paysage Nous sommes deux jeunes associ\u00e9s anim\u00e9s par la m\u00eame passion : sublimer le paysage, concevoir des am\u00e9nagements ext\u00e9rieurs sur mesure et donner vie \u00e0 des projets uniques. De cette vision commune est n\u00e9e\u00a0AMDP, avec un objectif simple : transformer chaque espace ext\u00e9rieur en un lieu vivant, harmonieux [&hellip;]<\/p>\n","protected":false},"author":1,"featured_media":0,"parent":0,"menu_order":0,"comment_status":"closed","ping_status":"closed","template":"elementor_header_footer","meta":{"footnotes":""},"class_list":["post-202","page","type-page","status-publish","hentry"],"yoast_head":"<!-- This site is optimized with the Yoast SEO plugin v26.9 - https:\/\/yoast.com\/product\/yoast-seo-wordpress\/ -->\n<title>Notre univers - AMDP - Paysage<\/title>\n<meta name=\"robots\" content=\"index, follow, max-snippet:-1, max-image-preview:large, max-video-preview:-1\" \/>\n<link rel=\"canonical\" href=\"https:\/\/amdp-paysage.fr\/index.php\/about\/\" \/>\n<meta property=\"og:locale\" content=\"fr_FR\" \/>\n<meta property=\"og:type\" content=\"article\" \/>\n<meta property=\"og:title\" content=\"Notre univers - AMDP - Paysage\" \/>\n<meta property=\"og:description\" content=\"Mathis &amp; Arnaud Notre UNivers AMDP &#8211; Paysage Nous sommes deux jeunes associ\u00e9s anim\u00e9s par la m\u00eame passion : sublimer le paysage, concevoir des am\u00e9nagements ext\u00e9rieurs sur mesure et donner vie \u00e0 des projets uniques. De cette vision commune est n\u00e9e\u00a0AMDP, avec un objectif simple : transformer chaque espace ext\u00e9rieur en un lieu vivant, harmonieux [&hellip;]\" \/>\n<meta property=\"og:url\" content=\"https:\/\/amdp-paysage.fr\/index.php\/about\/\" \/>\n<meta property=\"og:site_name\" content=\"AMDP - Paysage\" \/>\n<meta property=\"article:modified_time\" content=\"2025-08-08T10:14:37+00:00\" \/>\n<meta property=\"og:image\" content=\"https:\/\/amdp-paysage.fr\/wp-content\/uploads\/2025\/08\/IMG_4394-4-scaled.jpg\" \/>\n\t<meta property=\"og:image:width\" content=\"2560\" \/>\n\t<meta property=\"og:image:height\" content=\"1764\" \/>\n\t<meta property=\"og:image:type\" content=\"image\/jpeg\" \/>\n<meta name=\"twitter:card\" content=\"summary_large_image\" \/>\n<meta name=\"twitter:label1\" content=\"Dur\u00e9e de lecture estim\u00e9e\" \/>\n\t<meta name=\"twitter:data1\" content=\"1 minute\" \/>\n<script type=\"application\/ld+json\" class=\"yoast-schema-graph\">{\"@context\":\"https:\/\/schema.org\",\"@graph\":[{\"@type\":\"WebPage\",\"@id\":\"https:\/\/amdp-paysage.fr\/index.php\/about\/\",\"url\":\"https:\/\/amdp-paysage.fr\/index.php\/about\/\",\"name\":\"Notre univers - AMDP - Paysage\",\"isPartOf\":{\"@id\":\"https:\/\/amdp-paysage.fr\/#website\"},\"primaryImageOfPage\":{\"@id\":\"https:\/\/amdp-paysage.fr\/index.php\/about\/#primaryimage\"},\"image\":{\"@id\":\"https:\/\/amdp-paysage.fr\/index.php\/about\/#primaryimage\"},\"thumbnailUrl\":\"https:\/\/amdp-paysage.fr\/wp-content\/uploads\/2025\/08\/IMG_4394-4-1024x706.jpg\",\"datePublished\":\"2025-08-05T16:05:03+00:00\",\"dateModified\":\"2025-08-08T10:14:37+00:00\",\"breadcrumb\":{\"@id\":\"https:\/\/amdp-paysage.fr\/index.php\/about\/#breadcrumb\"},\"inLanguage\":\"fr-FR\",\"potentialAction\":[{\"@type\":\"ReadAction\",\"target\":[\"https:\/\/amdp-paysage.fr\/index.php\/about\/\"]}]},{\"@type\":\"ImageObject\",\"inLanguage\":\"fr-FR\",\"@id\":\"https:\/\/amdp-paysage.fr\/index.php\/about\/#primaryimage\",\"url\":\"https:\/\/amdp-paysage.fr\/wp-content\/uploads\/2025\/08\/IMG_4394-4-scaled.jpg\",\"contentUrl\":\"https:\/\/amdp-paysage.fr\/wp-content\/uploads\/2025\/08\/IMG_4394-4-scaled.jpg\",\"width\":2560,\"height\":1764},{\"@type\":\"BreadcrumbList\",\"@id\":\"https:\/\/amdp-paysage.fr\/index.php\/about\/#breadcrumb\",\"itemListElement\":[{\"@type\":\"ListItem\",\"position\":1,\"name\":\"Accueil\",\"item\":\"https:\/\/amdp-paysage.fr\/\"},{\"@type\":\"ListItem\",\"position\":2,\"name\":\"Notre univers\"}]},{\"@type\":\"WebSite\",\"@id\":\"https:\/\/amdp-paysage.fr\/#website\",\"url\":\"https:\/\/amdp-paysage.fr\/\",\"name\":\"AMDP - Paysage\",\"description\":\"\",\"publisher\":{\"@id\":\"https:\/\/amdp-paysage.fr\/#organization\"},\"potentialAction\":[{\"@type\":\"SearchAction\",\"target\":{\"@type\":\"EntryPoint\",\"urlTemplate\":\"https:\/\/amdp-paysage.fr\/?s={search_term_string}\"},\"query-input\":{\"@type\":\"PropertyValueSpecification\",\"valueRequired\":true,\"valueName\":\"search_term_string\"}}],\"inLanguage\":\"fr-FR\"},{\"@type\":\"Organization\",\"@id\":\"https:\/\/amdp-paysage.fr\/#organization\",\"name\":\"AMDP - Paysage\",\"url\":\"https:\/\/amdp-paysage.fr\/\",\"logo\":{\"@type\":\"ImageObject\",\"inLanguage\":\"fr-FR\",\"@id\":\"https:\/\/amdp-paysage.fr\/#\/schema\/logo\/image\/\",\"url\":\"https:\/\/amdp-paysage.fr\/wp-content\/uploads\/2025\/08\/cropped-cropped-Logo-final-V2_page-0002.jpg\",\"contentUrl\":\"https:\/\/amdp-paysage.fr\/wp-content\/uploads\/2025\/08\/cropped-cropped-Logo-final-V2_page-0002.jpg\",\"width\":512,\"height\":512,\"caption\":\"AMDP - Paysage\"},\"image\":{\"@id\":\"https:\/\/amdp-paysage.fr\/#\/schema\/logo\/image\/\"}}]}<\/script>\n<!-- \/ Yoast SEO plugin. -->","yoast_head_json":{"title":"Notre univers - AMDP - Paysage","robots":{"index":"index","follow":"follow","max-snippet":"max-snippet:-1","max-image-preview":"max-image-preview:large","max-video-preview":"max-video-preview:-1"},"canonical":"https:\/\/amdp-paysage.fr\/index.php\/about\/","og_locale":"fr_FR","og_type":"article","og_title":"Notre univers - AMDP - Paysage","og_description":"Mathis &amp; Arnaud Notre UNivers AMDP &#8211; Paysage Nous sommes deux jeunes associ\u00e9s anim\u00e9s par la m\u00eame passion : sublimer le paysage, concevoir des am\u00e9nagements ext\u00e9rieurs sur mesure et donner vie \u00e0 des projets uniques. De cette vision commune est n\u00e9e\u00a0AMDP, avec un objectif simple : transformer chaque espace ext\u00e9rieur en un lieu vivant, harmonieux [&hellip;]","og_url":"https:\/\/amdp-paysage.fr\/index.php\/about\/","og_site_name":"AMDP - Paysage","article_modified_time":"2025-08-08T10:14:37+00:00","og_image":[{"width":2560,"height":1764,"url":"https:\/\/amdp-paysage.fr\/wp-content\/uploads\/2025\/08\/IMG_4394-4-scaled.jpg","type":"image\/jpeg"}],"twitter_card":"summary_large_image","twitter_misc":{"Dur\u00e9e de lecture estim\u00e9e":"1 minute"},"schema":{"@context":"https:\/\/schema.org","@graph":[{"@type":"WebPage","@id":"https:\/\/amdp-paysage.fr\/index.php\/about\/","url":"https:\/\/amdp-paysage.fr\/index.php\/about\/","name":"Notre univers - AMDP - Paysage","isPartOf":{"@id":"https:\/\/amdp-paysage.fr\/#website"},"primaryImageOfPage":{"@id":"https:\/\/amdp-paysage.fr\/index.php\/about\/#primaryimage"},"image":{"@id":"https:\/\/amdp-paysage.fr\/index.php\/about\/#primaryimage"},"thumbnailUrl":"https:\/\/amdp-paysage.fr\/wp-content\/uploads\/2025\/08\/IMG_4394-4-1024x706.jpg","datePublished":"2025-08-05T16:05:03+00:00","dateModified":"2025-08-08T10:14:37+00:00","breadcrumb":{"@id":"https:\/\/amdp-paysage.fr\/index.php\/about\/#breadcrumb"},"inLanguage":"fr-FR","potentialAction":[{"@type":"ReadAction","target":["https:\/\/amdp-paysage.fr\/index.php\/about\/"]}]},{"@type":"ImageObject","inLanguage":"fr-FR","@id":"https:\/\/amdp-paysage.fr\/index.php\/about\/#primaryimage","url":"https:\/\/amdp-paysage.fr\/wp-content\/uploads\/2025\/08\/IMG_4394-4-scaled.jpg","contentUrl":"https:\/\/amdp-paysage.fr\/wp-content\/uploads\/2025\/08\/IMG_4394-4-scaled.jpg","width":2560,"height":1764},{"@type":"BreadcrumbList","@id":"https:\/\/amdp-paysage.fr\/index.php\/about\/#breadcrumb","itemListElement":[{"@type":"ListItem","position":1,"name":"Accueil","item":"https:\/\/amdp-paysage.fr\/"},{"@type":"ListItem","position":2,"name":"Notre univers"}]},{"@type":"WebSite","@id":"https:\/\/amdp-paysage.fr\/#website","url":"https:\/\/amdp-paysage.fr\/","name":"AMDP - Paysage","description":"","publisher":{"@id":"https:\/\/amdp-paysage.fr\/#organization"},"potentialAction":[{"@type":"SearchAction","target":{"@type":"EntryPoint","urlTemplate":"https:\/\/amdp-paysage.fr\/?s={search_term_string}"},"query-input":{"@type":"PropertyValueSpecification","valueRequired":true,"valueName":"search_term_string"}}],"inLanguage":"fr-FR"},{"@type":"Organization","@id":"https:\/\/amdp-paysage.fr\/#organization","name":"AMDP - Paysage","url":"https:\/\/amdp-paysage.fr\/","logo":{"@type":"ImageObject","inLanguage":"fr-FR","@id":"https:\/\/amdp-paysage.fr\/#\/schema\/logo\/image\/","url":"https:\/\/amdp-paysage.fr\/wp-content\/uploads\/2025\/08\/cropped-cropped-Logo-final-V2_page-0002.jpg","contentUrl":"https:\/\/amdp-paysage.fr\/wp-content\/uploads\/2025\/08\/cropped-cropped-Logo-final-V2_page-0002.jpg","width":512,"height":512,"caption":"AMDP - Paysage"},"image":{"@id":"https:\/\/amdp-paysage.fr\/#\/schema\/logo\/image\/"}}]}},"_links":{"self":[{"href":"https:\/\/amdp-paysage.fr\/index.php\/wp-json\/wp\/v2\/pages\/202","targetHints":{"allow":["GET"]}}],"collection":[{"href":"https:\/\/amdp-paysage.fr\/index.php\/wp-json\/wp\/v2\/pages"}],"about":[{"href":"https:\/\/amdp-paysage.fr\/index.php\/wp-json\/wp\/v2\/types\/page"}],"author":[{"embeddable":true,"href":"https:\/\/amdp-paysage.fr\/index.php\/wp-json\/wp\/v2\/users\/1"}],"replies":[{"embeddable":true,"href":"https:\/\/amdp-paysage.fr\/index.php\/wp-json\/wp\/v2\/comments?post=202"}],"version-history":[{"count":20,"href":"https:\/\/amdp-paysage.fr\/index.php\/wp-json\/wp\/v2\/pages\/202\/revisions"}],"predecessor-version":[{"id":456,"href":"https:\/\/amdp-paysage.fr\/index.php\/wp-json\/wp\/v2\/pages\/202\/revisions\/456"}],"wp:attachment":[{"href":"https:\/\/amdp-paysage.fr\/index.php\/wp-json\/wp\/v2\/media?parent=202"}],"curies":[{"name":"wp","href":"https:\/\/api.w.org\/{rel}","templated":true}]}}